ppose 10*m - 3*i = 13*m - 804, 2*m = 5*i + 543. What is the units digit of m?
9
Let b be (60/(-18))/(3 - (-169)/(-57)). Let z = b + 177. What is the tens digit of z?
8
Let m(g) = -g**3 - 7*g**2 - g - 4. Let d be m(-7). What is the tens digit of d*-17*6/(-9)?
3
Let h(c) = c**3 + 10*c**2 - 14*c + 2. Let u be (-8)/(-1 + -3)*11. Suppose a = -a - u. What is the tens digit of h(a)?
3
Let i(l) = l**3 - 3*l**2 - 8*l - 6. Let o be 1*(-3 - 1) - 4. Let z be i(o). What is the tens digit of 8/20 - z/10?
6
Suppose -5*g = -2*d - 23435, 2 + 4692 = g + d. What is the units digit of g?
9
Let j(n) = 16*n**3 + 4*n**2 - 7*n + 8. What is the tens digit of j(2)?
3
Suppose -5*u + 2*u - 5*o = -3081, 3*u - 4*o = 3081. What is the thousands digit of u?
1
Let u be 2*(-3 + (-11)/(-2)). Let h be 25/u + 0 + -1. Suppose 5*j - 2 = -4*y + 26, -h*j - 3*y = -23. What is the units digit of j?
8
Let y = 285 - 187. Let f = 177 - y. What is the units digit of f?
9
Let d be 3*2 + -1*(-6)/(-2). What is the units digit of (-2)/d*954/(-12)?
3
Suppose 0 = -4*n + 13 + 19. Let a = n - 3. Suppose t = 1, -6*f = -f - a*t - 195. What is the tens digit of f?
4
Let o = 16 + -13. Let f be -3*(28/12 - o). Suppose -a = -1 - f. What is the units digit of a?
3
Let a(o) = -3*o**3 + 4*o**3 + 0*o**3 + 11*o - 1 - 10*o**2. Let d = 7 - -2. What is the tens digit of a(d)?
1
Let j be (-9)/6*6/(-3). Suppose 2*z + 4*l = 198, -z - j*z + 399 = 5*l. What is the units digit of z?
1
Suppose -5*q + 174 = -921. What is the units digit of q?
9
Suppose n - 4*o = 328, 0 = -4*n + 2*o - 4*o + 1366. What is the units digit of n?
0
Suppose 445*j - 49500 = 425*j. What is the hundreds digit of j?
4
Let a(u) = u**2 + 12*u - 18. Let q be a(-13). What is the hundreds digit of -5*(2 - (-183)/q)?
1
Let x(z) = 156*z**3 - z + 1. What is the hundreds digit of x(1)?
1
Let a(n) = 49*n - 56*n - n**2 - 10 + 3. Let l be a(-5). Suppose 3*h = 2*z + 70, h - l*z - 23 = -2*z. What is the units digit of h?
4
Let l(k) be the first derivative of -2*k + 10/3*k**3 + 15/2*k**2 + 7 - 1/4*k**4. What is the tens digit of l(11)?
4
Let y(z) = 30*z**2 - 1. Let s be y(-1). Suppose 16 + s = 9*x. What is the units digit of x?
5
Let l(a) = -a + 10. Let r be l(6). Let w(k) = k + 24 - r*k + 0*k + 2*k. What is the units digit of w(15)?
9
Let u be ((-150)/(-12))/(1/2). Suppose -4*w - 2*c - 25 = 3*c, u = -w - 5*c. Suppose -2*l + w*l + 32 = 0. What is the units digit of l?
6
Let v(n) = 5*n + 7. Let k be v(6). Let r = k - 21. What is the tens digit of r?
1
What is the tens digit of (-22872)/(-20) - -16 - (-4)/10?
6
Let b = 823 + -481. What is the tens digit of b?
4
Let h(t) = t**3 + 11*t**2 + 12*t + 5. What is the units digit of h(-8)?
1
Let h = 35 + -30. Suppose h*q - 4*m = 259, -3*q - 4*m - 131 + 312 = 0. What is the units digit of q?
5
What is the hundreds digit of 5 + 3681/((-10)/(80/(-12)))?
4
Let s(o) = o**2 - o - 4. Let a be s(0). Let z(q) = -3*q**2 + 8*q - 7. Let n be z(5). What is the tens digit of (-1778)/n - a/6?
4
Suppose 1 = 3*y - 26. What is the units digit of y?
9
What is the thousands digit of 13 - (11 + 5) - (-1169 - 1)?
1
Suppose -2*y = -3*m - 7 + 40, -44 = -4*m + 3*y. Suppose 3*k + m = -1. What is the units digit of (-92)/(-5) + k/10?
8
Let v be ((-233694)/15)/(-6) - (-3)/(-5). What is the hundreds digit of (v/110)/(1/5)?
1
Let x be (-95)/(2*(-5)/10). Suppose -23 = -4*j - 7. Suppose 9*y - x = j*y. What is the units digit of y?
9
Let r(s) = 3*s**2 - 20*s + 21. Let l(a) = 2*a**2 - 19*a + 21. Let d(z) = 4*l(z) - 3*r(z). What is the units digit of d(-9)?
4
Suppose -4*x = -3*s + x - 4, 0 = s - 5*x + 8. Suppose -f = 3*a - 14, f + 3*a = s*f - 8. Let k = 4 + f. What is the tens digit of k?
1
Let t(q) = q**2 - 7*q + 6. Let p be t(5). Let k(i) = 5*i**2 + 4*i - 3. What is the tens digit of k(p)?
6
Suppose -5*k - 4*u = -274 - 9511, -2*k - 2*u + 3912 = 0. What is the tens digit of k?
6
What is the units digit of 178 + (-3 - 5) + 2?
2
Let w(n) = n**3 - n**2 - n + 7. Let x be w(-3). Let o = x + 92. What is the units digit of o?
6
Suppose 0*v - v = -14. Suppose -2*s = 4 - v. Suppose s*w - 59 = -j, 4*w - 3*j = 2*j + 53. What is the units digit of w?
2
Suppose 181 + 89 = w + 5*y, -4*y + 16 = 0. What is the hundreds digit of w?
2
Suppose -7*i - 5 = -40. Let a(n) = -4*n - i + 10*n - 8*n. What is the units digit of a(-3)?
1
Let w = -708 - -2555. What is the tens digit of w?
4
Suppose 3*z + 0*z + 3*f - 21 = 0, -2*f + 11 = z. Suppose 2*g = -2*l - 3 + 23, g = -z*l + 10. What is the units digit of g/(-30) - (-206)/6?
4
Suppose 5*p = -3*u + 2483, -2*u - 1218 + 212 = -2*p. What is the units digit of p?
9
Let o = 3 + 4. Let g be (-4)/(-8)*2*25. Let n = g - o. What is the units digit of n?
8
Let o = -31 - -34. Suppose 4*q = -o*q + 210. What is the tens digit of q?
3
What is the tens digit of (4 + 21732/18)*3?
3
Let k = 20 - 5. Suppose -4*h + k = 7. What is the units digit of ((-93)/6)/((-1)/h)?
1
Let a be 2/6 + (-480)/(-45). What is the tens digit of ((-16)/(-22))/(-4) - (-805)/a?
7
What is the hundreds digit of 604*(-3)/(5 - 17)?
1
Suppose -o = -2*o + 149. Let h = 232 - o. What is the units digit of h?
3
Let y = 3129 + -2132. What is the units digit of y?
7
Let m = 14 + -16. Let n be 225*m*(-12)/8. Suppose -4*b + 13*b = n. What is the tens digit of b?
7
What is the tens digit of (-197 + (6 - 3))*(-1)/2?
9
Let z be 3/(-6)*-1*-2. Let k(v) = -75*v - 2. Let y be k(z). Suppose -y = -4*w + 2*q - 5*q, -5*q + 63 = 3*w. What is the units digit of w?
6
Let p be 5359/(-8) + (-3)/24. What is the units digit of p/(-8) + 27/108?
4
Let j = -83 - -95. Let b(n) = n**3 - 10*n**2 - 10*n - 24. What is the hundreds digit of b(j)?
1
Let g be (-302)/(-2) - 4/(8/6). Let j = 219 - g. What is the units digit of j?
1
Let k = 6 + -4. Suppose k = 4*q - 14. Suppose q*n - 20 = 3*n. What is the tens digit of n?
2
Let u(m) = -m**3 + 15*m**2 - 14*m + 22. Let a be u(14). Suppose -26*y = -a*y - 380. What is the tens digit of y?
9
Suppose 59*v - 342292 = -24*v. What is the tens digit of v?
2
Let n = 33 - 23. Let c = n + -3. What is the units digit of c?
7
Let n(f) = 3*f + 24. Let l(x) = 1. Let z(s) = 72*l(s) - 3*n(s). Let q be z(5). What is the tens digit of (-3)/6 + q/(-2)?
2
Let l(t) = t**3 - 6*t**2 + t - 6. Let a be l(6). Suppose 292 = 5*y - 5*i - 293, -3*i - 15 = a. What is the tens digit of 72/(-28)*y/(-6)?
4
What is the units digit of 2 + 0 + 15147/17?
3
Let y = -133 - -143. What is the hundreds digit of (518/8)/(y/40)?
2
Suppose -m + 4*m = 30. What is the tens digit of (4 + (-675)/m)*(-4)/2?
2
Suppose -3*l - v = -3322, -5*l + 1002 = -3*v - 4530. What is the tens digit of l?
0
Let z = 27 - 21. Let r(c) = 2*c**2 + 4*c - 9. What is the tens digit of r(z)?
8
Let h = 1649 + -1461. What is the units digit of h?
8
Let k(x) = x**2 - 12*x - 2. Let s be k(13). Suppose -s*f = -6*f - 45. Suppose 5*q = -4*j + 275, -j + 2*q + 50 = -f. What is the units digit of j?
5
Suppose 2*f - 18 = -f. Let t = -729 + 276. What is the tens digit of t/(-6) - (-3)/f?
7
Let q = -1190 + 1879. What is the units digit of q?
9
Let b = 6165 + -3972. What is the hundreds digit of b?
1
Let u(m) = -m + 8*m + 7*m + 10 - 13*m. Suppose 0 = 3*z + 14 + 7. What is the units digit of u(z)?
3
What is the units digit of -4 + 14 - (-9 - 887)?
6
Let v(z) be the third derivative of -z**6/120 - z**5/12 + 5*z**4/24 - z**3/3 - 26*z**2. Suppose -2*o + 0*o = 12. What is the units digit of v(o)?
4
Let q(c) = -c**3 - 10*c**2 - 13*c + 51. What is the hundreds digit of q(-19)?
5
Let v be -3 + (-7)/(28/(-12)). Suppose -3*y + 4*k + 1 - 18 = 0, y + 4*k - 21 = v. What is the units digit of y?
1
Suppose i - 344 = 2*h, i = -3*i - 4*h + 1436. What is the hundreds digit of (i/(-5))/((-72)/30 + 2)?
1
Suppose 0 = -8*j + 3*j - 15. Let m be 3/(2*j/(-8)). What is the tens digit of (39/m)/((-45)/(-120))?
2
Let z = -379 + 588. What is the units digit of z?
9
Let k = -372 + 5403. What is the units digit of k?
1
Let h(n) = 6*n**3 - 2*n**2 - 5. Let m be h(-3). Let p = -111 - m. Suppose -6*z = -p - 190. What is the tens digit of z?
4
What is the hundreds digit of ((-2)/16*-44 + -5)*876?
4
Let z = 6 + 9. Let q be ((-20)/z)/((-4)/(-18)). What is the units digit of 280/(-15)*q/4?
8
Let w(c) = -c**2 + 10*c + 39. Let j be w(12). What is the tens digit of 94/4*(j + -13)?
4
Suppose j 